 5*s + 5*f - 145 = 0, 2 + 2 = f. Let b = -1 + s. Calculate the greatest common factor of k and b.
12
Let n be 11 - (1 - -4 - (0 - -4)). Calculate the highest common factor of 50 and n.
10
Suppose 0*g - 4*g + 168 = 0. Suppose 0*i = 2*i - g. Let c be (7/(-4))/(2/(-8)). Calculate the greatest common divisor of c and i.
7
Let w be 8*(2 + (-11)/4). Let z be (-106)/w*6/2. Let y = 88 - z. Calculate the greatest common divisor of y and 7.
7
Suppose 54 = -5*u + 11*u. Calculate the greatest common divisor of u and 63.
9
Let d(p) = p**2 - 11*p + 19. Let v be d(10). Calculate the highest common divisor of 3 and v.
3
Let f = 2 + 2. Let a(j) = j - 1. Suppose h + 6 = 5*l, 4*l = -l - h + 14. Let y be a(l). What is the highest common factor of y and f?
1
Let l = -2 - -2. Suppose l = 6*n - 2*n - 44. Calculate the highest common factor of n and 22.
11
Suppose -4*r = -9*r + 5*v + 45, 0 = 3*r - v - 21. Calculate the highest common factor of 4 and r.
2
Let v(l) = 15*l + 23. Let f(r) = -7*r - 12. Let g(a) = -13*f(a) - 6*v(a). Let o be g(-8). Suppose 1 = -4*p + 5. Calculate the highest common factor of o and p.
1
Let s(p) = -4*p**3. Let t be s(-1). Suppose 3*r = 4*z + t*r + 27, -33 = z - 5*r. Let q = z + 26. What is the greatest common factor of 72 and q?
18
Let f = 68 + -24. What is the highest common factor of 4 and f?
4
Suppose -12 + 3 = -3*g. Let b = g + 1. Let o be b/(-2) - (-11 - 9). What is the greatest common factor of 72 and o?
18
Suppose -2*f + 80 = -118. What is the greatest common divisor of 11 and f?
11
Suppose -4*l + 31 = 4*o + o, 0 = -2*o - 4*l + 10. Let p = -55 - -118. What is the highest common divisor of p and o?
7
Suppose -2*n - 2*n = -3*m + 124, -m - 4*n + 68 = 0. Let k(a) = a - 11. Let z be k(0). Let l = z - -23. Calculate the greatest common divisor of l and m.
12
Suppose -2*h = 5*c - 11 - 8, 2*h + 6 = 0. Suppose -2 = o - c. Suppose -o*x + 16 = -17. Calculate the greatest common factor of x and 88.
11
Let x(g) = g**3 + 5*g**2 - 5*g. Let z = 16 - 22. Let s be x(z). Let f be 26/3 + (-2)/s. What is the highest common factor of f and 63?
9
Suppose 0 = -5*b - 2*t + 2840, t = -2*b + 981 + 155. Suppose b + 188 = 6*l. Calculate the greatest common divisor of l and 18.
18
Suppose v + 279 = 5*f, -2*v + 7*v = 5. Suppose -3*a = a - f. What is the greatest common factor of 42 and a?
14
Suppose -4*y + 49 = -23. Suppose 10*o - 651 = 69. Calculate the greatest common factor of y and o.
18
Let p(l) = 3*l + 4. Let u = 2 - -1. Let a be p(u). Let t = 32 - 19. What is the highest common divisor of t and a?
13
Let p be 3/(((-2)/10)/(176/(-40))). Let o be 6 + -2 + 2 + 0. What is the highest common factor of o and p?
6
Suppose l - 23 = -9. Calculate the greatest common factor of 42 and l.
14
Let m(o) = 6*o - 2. Let t be ((-18)/4)/((-6)/(-12)). Let g = -4 - t. Let f be m(g). Calculate the greatest common factor of 7 and f.
7
Let i be 32 - (-3 + -5 + 4). What is the highest common factor of i and 90?
18
Suppose 4*m + 70 = 190. Let l be ((-30)/(-4))/(3/6). What is the highest common factor of m and l?
15
Suppose -2*i = 5*m + 4, 0*i + 4*i = -5*m + 12. Calculate the highest common factor of 32 and i.
8
Suppose -4 = -3*u + 5. Let i(c) = -c. Let l be i(u). Let o be 10/15 + (-4)/l. Calculate the greatest common factor of o and 22.
2
Let m be 8 - 2 - 6/(-3). Let q be 2/3 - (-116)/6. What is the greatest common factor of q and m?
4
Suppose -4*w - 320 = -4*q, -21 = 5*q - 4*w - 425. Suppose 63 = 3*i - 3*u, 2*u - 3*u = -4*i + q. Calculate the greatest common factor of i and 3.
3
Let q = 1 + 1. Let n(i) = i**3 - 7*i**2 + 6*i - 8. Let u be n(6). Let c = 8 - u. Calculate the greatest common factor of c and q.
2
Let x = 23 - -76. What is the greatest common factor of x and 9?
9
Let s be (6/4)/((-1)/(-8)). Let g be ((-4)/(-6))/((-4)/(-30)). Suppose 3 = 2*i - g. What is the highest common divisor of i and s?
4
Let k(i) = -51*i. Let u = 3 + -4. Let x be k(u). Suppose 0 = -2*w + 25 + 9. Calculate the greatest common divisor of w and x.
17
Suppose -3*i + 159 = -393. Let z = i - 124. Calculate the highest common divisor of z and 15.
15
Let l be 280/12 + ((-4)/(-6) - 0). What is the greatest common factor of l and 72?
24
Suppose -4*u - w = -3*w + 98, -u - w - 29 = 0. Let p be (-3)/((-49)/u + -2). What is the highest common divisor of p and 13?
13
Let g(u) = -7*u - 19. Let m be g(-10). Let b(o) = o - 5. Let d be b(4). Let h be ((-1)/(-3))/(d/(-51)). Calculate the greatest common divisor of m and h.
17
Let w be 61/((-2)/(-2)) + 2. Suppose 12 = l - 2*m, m + 3*m + 30 = 5*l. Let z be l/6 + 26/3. Calculate the highest common divisor of z and w.
9
Suppose 0 = -8*h + 3*h - 5*v + 820, 0 = 5*h - 3*v - 852. What is the highest common divisor of 21 and h?
21
Suppose 3*l - 10 + 5 = 2*r, 3*l - 2 = -r. Let g be 2/r*9/3. Let n(t) = -2*t - 2. Let q be n(g). What is the greatest common factor of 2 and q?
2
Suppose -46 = 4*c - 7*c - 4*a, -4*c + 60 = 5*a. Let d be 3 - (-1 - -4) - 1. Let k be (25/20)/(d/(-64)). Calculate the highest common factor of k and c.
10
Let s = -2 - -4. Suppose -4*i - s + 6 = 0. Let w(o) = -o**3 + 5*o**2 - 4*o + 3. Let q be w(3). What is the highest common divisor of i and q?
1
Suppose 2*y = -0*y - 10, -3*y - 24 = -3*d. Suppose -t + 19 = m, -t - 60 = -4*m + d*t. Let b be (1 - -3)*34/4. Calculate the greatest common factor of m and b.
17
Let a be 59 - (1/1 + -2). Let p = -2 - -42. Calculate the highest common divisor of a and p.
20
Let b(f) = -2*f - 19. Let x(i) = 3*i + 37. Let w(n) = 5*b(n) + 3*x(n). Let d be w(0). Suppose 0 = 5*v - 4*v - 4. Calculate the highest common factor of d and v.
4
Let v(s) = -3*s + 12. Let k be v(-7). Suppose 3*i = -0*i + k. Let u = -31 - -108. Calculate the highest common divisor of u and i.
11
Let t(n) = -n**3 + 7*n**2 + 3*n - 17. Let b be t(7). What is the highest common factor of 4 and b?
4
Suppose -30 = -2*g + 30. Calculate the highest common divisor of g and 5.
5
Suppose -5*a - 8 = 4*k, -3*a + 5 = -2*k + 1. Let s = k - -5. Let i(h) = -h**3 + 6*h**2 - 2*h + 6. Let r be i(5). What is the highest common factor of s and r?
3
Let n(y) = -8*y - 67. Let q be n(-14). What is the highest common divisor of 15 and q?
15
Suppose 4*b + n = 2*b + 39, 0 = -3*n - 3. Let h be 244/24 - 1/6. Calculate the greatest common divisor of b and h.
10
Let o be (-11)/(-4) + (-4)/(-16). Suppose -f - z - 2*z + 48 = 0, o*f - 184 = z. Calculate the greatest common factor of f and 40.
20
Let a(u) = u**2 - 2*u - 4. Let k(d) be the first derivative of d**2/2 - 13*d - 1. Let w be k(10). Let j be a(w). What is the highest common factor of 1 and j?
1
Let o = 84 + -60. Let n be 1*-3 + -8 + 10 + 4. What is the highest common factor of n and o?
3
Let h(w) = -w**3 - 5*w**2 - 4*w + 4. Let n be h(-4). Calculate the greatest common divisor of 10 and n.
2
Suppose -50 = 3*l - 8*l + 3*p, 2*p = 0. Suppose 12 + l = o. Suppose 0 = 5*m + o - 77. What is the greatest common divisor of m and 121?
11
Let z(i) = 4*i**2 + i**3 + 10*i**2 - 6*i - 4*i**2 + 1. Let d be z(-9). Calculate the highest common factor of 17 and d.
17
Let y(f) = -3*f**3 + f + 1. Let q be y(-1). Suppose 24 = a + q*v - 8*v, -3*a + 8 = v. What is the highest common factor of a and 32?
4
Let b be (-22)/(-55) - (-52)/(-5). Let r(y) = y**3 + 11*y**2 + 5*y - 2. Let p be r(b). Calculate the greatest common divisor of p and 16.
16
Let h = -20 + 34. What is the greatest common divisor of 112 and h?
14
Let b = -12 - -76. What is the greatest common factor of 80 and b?
16
Let z(n) = n**2 - 3*n + 5. Let m be z(5). Let x = m + -11. Calculate the greatest common factor of 4 and x.
4
Suppose 2*l + 13 = -l + 5*f, -2*l - f = 0. Let a be ((-7)/2)/(l/2). Calculate the highest common divisor of 7 and a.
7
Suppose 0 = 18*g - 16*g - 180. Let t = 3 + 7. Calculate the greatest common divisor of g and t.
10
Suppose 4*l - 3*l = 2*m + 8, 0 = l + 3*m - 23. What is the greatest common divisor of 56 and l?
14
Suppose -3*u = -5*v + 34, -4*v - 44 = 3*u + 26. Let k = u + 28. Calculate the highest common divisor of k and 2.
2
Suppose -v - 2 + 5 = 0. Suppose -5*i = 2*c + 48 + 23, v*i + 4*c + 37 = 0. Let x be (12/(-20))/(1/i). What is the highest common factor of x and 72?
9
Let o = -25 - -38. Let d = o + -2. Suppose 4*b = 39 + 49. Calculate the greatest common divisor of